19))) + -2 + -5?
-16
What is 19 + (5 - 14) - 8 - (0 + 1)?
1
What is (1508 - 1510) + (2 - 2) + 2 + -22?
-22
What is -31 - (0 - (0 + -3 - 5 - -9))?
-30
What is -10 + 13 + 11 + -21?
-7
Evaluate -1 - (-3 + 1) - (16 + -1 + -1).
-13
Calculate (-41 - -16 - -60) + -28.
7
(-9 - -26) + -12 - (11 + 3)
-9
What is the value of -7 + 18 + -18 - 2?
-9
What is the value of -7 + (3 - (0 + -7)) + -7?
-4
-12 + (-13 - (-26 + 5 - -11))
-15
Calculate (-2 + 4 - -12) + -20 + 18.
12
Evaluate -2 - (12 + -27) - (-1 - (-8 + 1)).
7
What is the value of 0 + -5 - (-15 + 7 + (10 - -1))?
-8
What is the value of -14 + 3 - (-5 - 4)?
-2
What is the value of -2 + (11 + -10 + -2 - 2)?
-5
Calculate -1 + 13 + 2 + (-4 - -4) + -3.
11
What is 514 - 518 - (-3 - (0 + 1))?
0
(45 - 53) + -4 + 7 + 26
21
Calculate (-1 - -9) + 2 + 1 + -5.
6
What is the value of -30 + -19 + 46 - (-5 - -1)?
1
Evaluate (-4 - -1 - (-18 + 3) - 1) + -1.
10
What is (-9 + 29 - (2 - -2)) + 6 + -3?
19
What is 6 - (-23 + (-17 - -24) + -4 + -1)?
27
Calculate -6 - -26 - (246 + -220).
-6
-2 + (3 - (3 - 7)) - 12
-7
(10 - 49) + (-7 - -48)
2
Evaluate -76 + 48 - (-3 + -54).
29
Calculate (-30 - 0) + (-611 - -614).
-27
Evaluate 35 + (24 - 29 - 9).
21
Evaluate (-13 - (-22 - -8)) + -1.
0
What is -14 + (-1 - (-6 - 10))?
1
12 + -6 + 7 - (-4 + 17)
0
What is the value of -5 + 15 + 17 + (-6 - -1) - 6?
16
Evaluate 31 - (33 - 20) - 24 - (-1 - -25).
-30
Evaluate (15 - (4 + 17 + -8)) + -4 + 0.
-2
Calculate -13 + 7 + 11 - (13 - 5).
-3
What is (-5 - 1) + (11 - (11 + -16))?
10
(-3 - -23 - (20 + -7)) + -20 + -1
-14
Calculate (0 + 2 - -3) + 1 + (-1631 - -1622).
-3
(-13 + 7 - -8 - (-5 + 1)) + -20
-14
What is (-3 - (1 - 14 - -1)) + 5 - 2?
12
Calculate -8 + (-13 - -51 - 16).
14
What is the value of -7 + -1 + (15 - 31 - -22)?
-2
Calculate 5 + 0 + -2 + 3 - (-21 - -19).
8
What is the value of -1 - ((-26 - -4) + 6 + -8 + 9)?
14
Evaluate (-5 - (-11 - 7 - -11)) + 10.
12
Calculate -15 + 5 + (-9 - -12) + 11.
4
Calculate -11 - (-9 + -6) - ((-1 - -5) + 0).
0
Calculate 15 - 1 - (-883 + 919).
-22
Calculate (0 - 0) + -1 + (46 + -64 - -8).
-11
(-38 - (11 - 41)) + -1 + 18
9
What is the value of (12 - 11) + 3 + (-5 - -11 - 1)?
9
Calculate -3 - ((6 - (2 - 1)) + -6 + -16).
14
Evaluate 3 - ((-20 - -10) + 6).
7
What is 18 + (-15 - -22 - 15)?
10
Calculate -2 + -4 - (-47 + 48).
-7
-3 - -9 - (48 - 68)
26
What is the value of (49 - 27) + -9 - -11?
24
What is the value of -192 - -186 - (2 + 1 + -3 + -14)?
8
(9 - 5) + -5 + (-2 - -20) - 3
14
What is -17 + 9 - -9 - -10?
11
20 + (-5 - 14) + -11
-10
Evaluate 19 + 6 + -18 - (-7 + -1).
15
Evaluate (-294 - -290) + (0 - -2).
-2
What is the value of -1876 + 1926 - (38 + 0)?
12
What is the value of 0 - (4 + (-3 - -7))?
-8
What is 39 + -20 - 19 - -27?
27
(554 - 558) + -1 + (5 - (0 - 0))
0
What is -4 - 60 - (13 + -50)?
-27
What is (-5 - (-1 - (-1 - (-7 + 0)))) + -12?
-10
Calculate -32 + -19 - -32 - -11.
-8
Evaluate 10 - 2 - (2 + 5 - 15).
16
11 + (-69 - (12 - 40))
-30
What is the value of -1 - 3 - (-89 - -95) - 4?
-14
What is the value of (2 - 22) + 17 + 37 + -40?
-6
Evaluate 590 + -590 - (0 - -7 - (1 - 1)).
-7
What is -5 - (-3 - (-3 + 1 + 4 + 3))?
3
What is the value of -9 + (1 - (-8 - -7)) - (-1 - 3)?
-3
What is 9 + -8 + 3 + (-8 - (-8 + 7))?
-3
What is 1 - 21 - 1 - (-20 - 21 - -44)?
-24
Evaluate -3 - 2 - (-1 - 2 - -3) - 5.
-10
Calculate -11 - (-4 + 0 - 12).
5
Calculate (-15 - 31) + -21 + 47.
-20
What is 22 - (-3 - -11 - (14 - 4 - 10))?
14
What is 2 + 3 + 0 - (133 - 138)?
10
Calculate -7 + 30 - 13 - 8.
2
What is 1 + (-6 - 4) + -5 - (-8 - -7)?
-13
What is 15 + 1 - (-251 - -262) - 17?
-12
Calculate 10 - (-13 + 2 + 6 - -11).
4
What is 30 + -13 - 21 - (-2 + 13)?
-15
34 + (8 - 14) - 37
-9
What is the value of (3 + (0 - -5) - 5 - 1) + 6?
8
148 + -135 + 6 + -25
-6
What is the value of 10 - (-4 + 11 - 1 - 4 - 2)?
10
7 + 1 + -8 + 10 - -2
12
Evaluate (8 - 3 - 13) + 8.
0
What is the value of 13 - 31 - -18 - 7?
-7
Evaluate -16 + (15 - (-2 + 19)).
-18
-16 - (25 + -16 - 7 - 9)
-9
Evaluate -18 + (-13 - -8 - -16).
-7
Evaluate 745 + -761 + (2 + -2 - -6).
-10
What is (0 - -38) + (8 - 1 - (503 - 485))?
27
What is -1 + (11 - 7) + -6 + 4?
1
1 - (6 + -2) - (-2 - -2) - 4
-7
(22 - 45) + 20 - 30
-33
What is the value of -20 - (3 + 0 + -2 + (4 - 10))?
-15
Evaluate (34 - 39) + (2 - -1) + 15 + 5.
18
Calculate -3 + -9 + 1 + (21 - 2).
8
Calculate (1 - -34) + (-10 - 2 - -2).
25
Evaluate (-51 + 32 - -17) + 11.
9
Evaluate -3 + (19 - 3) + (-162 - -158).
9
Evaluate -96 - -110 - ((5 - 3) + 1).
11
4 + 3 - 18 - -1
-10
What is (-74 - -70) + 14 + (4 - 0)?
14
Calculate -6 + 22 + 14 + -21.
9
Calculate (-1 - 0) + (-2 - 2) + -6.
-11
What is -3 + (1 - (6 + 2 + -5))?
-5
10 - (11 + 3 + -3)
-1
Calculate 26 - (3 - (-14 - (1 - 13))).
21
Calculate -5 - (-62 - -44 - (-2 - -14)).
25
What is the value of -9 + -18 + (11 - -7)?
-9
Evaluate 14 - 25 - -18 - 4 - 5.
-2
Evaluate -1 + 7 + 18 + -5 + 24 + -20.
23
What is (1 - (1 + -7 - -21)) + (-11 - -3)?
-22
-2 + 1 + -51 + 53 + 4
5
Evaluate 2 + -1 - (3 + 12 - 4).
-10
What is the value of 13 - 17 - (0 + 2 - 0)?
-6
Calculate (0 - 0) + (228 - 223).
5
Evaluate 7 + 1 + -33 + 28 - 10.
-7
-25 + -3 - (21 + -36)
-13
(6 - 2) + -4 - (4 - -2)
-6
(-11 - ((-7 - 11) + 8)) + 4 + -8
-5
Evaluate (15 - 19) + (5 - 3).
-2
What is -12 + (-26 - -9) + 2?
-27
What is -36 + -5 + 32 - -16?
7
Evaluate 3 + -5 + -1 - (-13 + 23).
-13
Calculate 3 + 11 + -6 - (25 - -1).
-18
Evaluate (21 - 9 - 7) + -6.
-1
What is the value of 16 + -12 + (-2 - 1 - -2)?
3
Calculate -10 + 23 + -8 - -6.
11
What is the value of (-1 - -27) + -8 + -8 + 14?
24
Calculate -7 + 2 + -7 + 1 + 5 + -3.
-9
Calculate -2 + (-7 - -12) + 0 - -4.
7
What is the value of -3 - (7 + 8 + -5 + -16)?
3
Calculate -4 + -2 + 2 - (-4 - (-4 - 12)).
-16
What is 1 - (-12 + (10 - (-1 - (5 + -11))))?
8
What is the value of 1 - ((-11 - -5) + -9) - 10?
6
Evaluate -6 + (-32 + 28 - (2 - (1 - 1))).
-12
What is -16 + -15 + -16 + 39?
-8
21 + -40 - -33 - 43
-29
Evaluate -2 + 3 + -2 + -99 + 103.
3
23 - 21 - (-2 + -2)
6
What is the value of -10 + (57 - 31) + 7?
23
What is 2 + 0 + (15 - -2 - 9)?
10
Calculate -214 + 255 + (3 + 0 - 20).
24
4 + (-5 + 2 - -6) - (-8 - 0)
15
Evaluate (13 + 1 - (-120 - -119)) + -1 + -6.
8
Calculate (29 - 44) + 3 + -7.
-19
Evaluate (-63 - -57) + -14 + 1 + 5.
-14
What is 12 + (11 + -8 - 10)?
5
What is -1 - ((0 + 5 - (-42 - -40)) + -37)?
29
Calculate (-7 - (5 + -14)) + -9 + 2.
-5
Calculate 25 - ((17 - (10 - 2)) + (-3 - 9)).
28
Calculate -3 - (1 + -2 + (-24 - -21)).
1
What is the value of -152 - -186 - (5 - -24)?
5
What is the value of -20 - -8 - (21 + -24)?
-9
Evaluate -3 - (-1 - 7 - -12).
-7
Evaluate -34 - (-14 + 4 + 13) - (-8 - -1).
-30
Evaluate 13 + (-8 - (-6 - -7)).
4
What is 1 - (-7 + (0 - 2)) - 9?
1
Calculate 6 + -17 + 14 - (2 + (-2 - -5)).
-2
-3 + 1 + (1 - (-3 + 6)) - -5
1
Calculate (0 - 1) + -8 + -12 + (0 - -4).
-17
(-13 - (6 - 15)) + 2
-2
What is (-1 + -6 - -11) + -16 - -15?
3
(-1 - 1) + (-10 + 22 - 13) + -6
-9
Calculate (-1 - 17) + (-2252 - -2247).
-23
-5 - -25 - 10 - -8
18
What is the value of -8 + (-4 - (1 - (-4 - 0)) - -28)?
11
What is 15 + (-21 - (3 - 20))?
11
Calculate 20 + 15 + -27 + (10 + -5 - -7).
20
What is the value of -5 + 11 + -6 + 5?
5
Evaluate 6 - (-4 + 13 + -6 + -4 + 0).
7
0 - (-21 + (15 - 6))
12
What is the value of 2 - (-12 + (-1 - (-6 - (4 - 7))))?
12
What is the value of -8 + (0 + 2 - -6) + 3?
3
What is 24 + 1 + -44 + 14?
-5
Evaluate 2 - -5 - -12 - 9.
10
2 + 32 + 1 + -19 + (10 - -4)
30
What is -2 - -1 - (13 + -23) - 13?
-4
Evaluate 7 + -6 - (-3 + 2) - (-4 + -1).
7
Evaluate 6 + (-1 - -6) + -8 + -3 + 0.
0
4 - (1 - -3) - 20 - (-3 + -4)
-13
What is the value of 185 + -206 - (-2 - (1 - (-1 + 2)))?
-19
What is 10 - ((1 - -3) + -8 + 6 + 4)?
4
Calculate 20 + -7 + -38 + 23 - -4.
2
Evaluate -7 - (5 - (22 + -24)).
-14
Calculate -17 + (10 - 3) - 1.
-11
Evaluate 0 + 8 + (-2 - -2) + (-18 - -22).
12
Evaluate 4 + 0 - (13 + -1).
-8
-13 - (5 + (-3 - (-1 - 5)))
-21
What is the value of 2 + -14 + 7 + -1 + 7?
1
What is 0 - (-6 + -12 + 21) - -8?
5
Evaluate (-16 - 9 - 4) + 37.
8
What is (-51 - -21 - -19) + (-4 - 2)?
-17
-1 + 30 + -22 - -1
8
What is the value of 7 - 7 - 5 - ((-6 - -5) + -11)?
7
Calculate 7 - 3 - ((16 - 12) + 6 + 0).
-6
24 - 36 - ((0 - -5) + 1)
-18
Evaluate -3 + (8 - 0) + -23 + 21.
3
Calculate -